{"id":280,"date":"2024-05-14T17:02:18","date_gmt":"2024-05-14T20:02:18","guid":{"rendered":"https:\/\/sindirevendas.com\/?page_id=280"},"modified":"2024-05-15T14:58:07","modified_gmt":"2024-05-15T17:58:07","slug":"juridico","status":"publish","type":"page","link":"https:\/\/sindirevendas.com\/index.php\/juridico\/","title":{"rendered":"Juridico"},"content":{"rendered":"\t\t<div data-elementor-type=\"wp-page\" data-elementor-id=\"280\" class=\"elementor elementor-280\" data-elementor-post-type=\"page\">\n\t\t\t\t<div class=\"elementor-element elementor-element-6c7e21b e-flex e-con-boxed e-con e-parent\" data-id=\"6c7e21b\" data-element_type=\"container\">\n\t\t\t\t\t<div class=\"e-con-inner\">\n\t\t\t\t<div class=\"elementor-element elementor-element-54a933c elementor-widget elementor-widget-heading\" data-id=\"54a933c\" data-element_type=\"widget\" data-widget_type=\"heading.default\">\n\t\t\t\t<div class=\"elementor-widget-container\">\n\t\t\t\t\t<h2 class=\"elementor-heading-title elementor-size-default\">APOIO JUR\u00cdDICO<\/h2>\t\t\t\t<\/div>\n\t\t\t\t<\/div>\n\t\t\t\t\t<\/div>\n\t\t\t\t<\/div>\n\t\t<div class=\"elementor-element elementor-element-ee3ce41 e-flex e-con-boxed e-con e-parent\" data-id=\"ee3ce41\" data-element_type=\"container\">\n\t\t\t\t\t<div class=\"e-con-inner\">\n\t\t<div class=\"elementor-element elementor-element-8833e8c e-con-full e-flex e-con e-child\" data-id=\"8833e8c\" data-element_type=\"container\">\n\t\t\t\t<div class=\"elementor-element elementor-element-d942402 elementor-widget elementor-widget-image\" data-id=\"d942402\" data-element_type=\"widget\" data-widget_type=\"image.default\">\n\t\t\t\t<div class=\"elementor-widget-container\">\n\t\t\t\t\t\t\t\t\t\t\t\t\t\t\t<img decoding=\"async\" width=\"150\" height=\"150\" src=\"https:\/\/sindirevendas.com\/wp-content\/uploads\/2024\/05\/pngtree-legal-law-justice-service-3d-illustration-law-assistance-law-firm-and-png-image_10146690-150x150.png\" class=\"attachment-thumbnail size-thumbnail wp-image-284\" alt=\"\" srcset=\"https:\/\/sindirevendas.com\/wp-content\/uploads\/2024\/05\/pngtree-legal-law-justice-service-3d-illustration-law-assistance-law-firm-and-png-image_10146690-150x150.png 150w, https:\/\/sindirevendas.com\/wp-content\/uploads\/2024\/05\/pngtree-legal-law-justice-service-3d-illustration-law-assistance-law-firm-and-png-image_10146690-300x300.png 300w, https:\/\/sindirevendas.com\/wp-content\/uploads\/2024\/05\/pngtree-legal-law-justice-service-3d-illustration-law-assistance-law-firm-and-png-image_10146690.png 360w\" sizes=\"(max-width: 150px) 100vw, 150px\" \/>\t\t\t\t\t\t\t\t\t\t\t\t\t\t\t<\/div>\n\t\t\t\t<\/div>\n\t\t\t\t<\/div>\n\t\t<div class=\"elementor-element elementor-element-d848d37 e-con-full e-flex e-con e-child\" data-id=\"d848d37\" data-element_type=\"container\">\n\t\t\t\t<div class=\"elementor-element elementor-element-91d463e elementor-widget elementor-widget-heading\" data-id=\"91d463e\" data-element_type=\"widget\" data-widget_type=\"heading.default\">\n\t\t\t\t<div class=\"elementor-widget-container\">\n\t\t\t\t\t<h2 class=\"elementor-heading-title elementor-size-default\">Dra. LUCIA DA SILVA<\/h2>\t\t\t\t<\/div>\n\t\t\t\t<\/div>\n\t\t\t\t<div class=\"elementor-element elementor-element-0d541a0 elementor-widget elementor-widget-text-editor\" data-id=\"0d541a0\" data-element_type=\"widget\" data-widget_type=\"text-editor.default\">\n\t\t\t\t<div class=\"elementor-widget-container\">\n\t\t\t\t\t\t\t\t\t<p>OAB: 3541456<\/p><p>Especialista em A\u00e7\u00f5es Trabalhistas<\/p>\t\t\t\t\t\t\t\t<\/div>\n\t\t\t\t<\/div>\n\t\t\t\t<div class=\"elementor-element elementor-element-821d96c elementor-widget elementor-widget-button\" data-id=\"821d96c\" data-element_type=\"widget\" data-widget_type=\"button.default\">\n\t\t\t\t<div class=\"elementor-widget-container\">\n\t\t\t\t\t\t\t\t\t<div class=\"elementor-button-wrapper\">\n\t\t\t\t\t<a class=\"elementor-button elementor-button-link elementor-size-sm\" href=\"http:\/\/wa.me\/5511943243751\">\n\t\t\t\t\t\t<span class=\"elementor-button-content-wrapper\">\n\t\t\t\t\t\t\t\t\t<span class=\"elementor-button-text\">ENTRE EM CONTATO<\/span>\n\t\t\t\t\t<\/span>\n\t\t\t\t\t<\/a>\n\t\t\t\t<\/div>\n\t\t\t\t\t\t\t\t<\/div>\n\t\t\t\t<\/div>\n\t\t\t\t<\/div>\n\t\t\t\t\t<\/div>\n\t\t\t\t<\/div>\n\t\t<div class=\"elementor-element elementor-element-68c05c1 e-flex e-con-boxed e-con e-parent\" data-id=\"68c05c1\" data-element_type=\"container\">\n\t\t\t\t\t<div class=\"e-con-inner\">\n\t\t<div class=\"elementor-element elementor-element-5ee07dd e-con-full e-flex e-con e-child\" data-id=\"5ee07dd\" data-element_type=\"container\">\n\t\t\t\t<div class=\"elementor-element elementor-element-247a4a2 elementor-widget elementor-widget-image\" data-id=\"247a4a2\" data-element_type=\"widget\" data-widget_type=\"image.default\">\n\t\t\t\t<div class=\"elementor-widget-container\">\n\t\t\t\t\t\t\t\t\t\t\t\t\t\t\t<img decoding=\"async\" width=\"150\" height=\"150\" src=\"https:\/\/sindirevendas.com\/wp-content\/uploads\/2024\/05\/pngtree-legal-law-justice-service-3d-illustration-law-assistance-law-firm-and-png-image_10146690-150x150.png\" class=\"attachment-thumbnail size-thumbnail wp-image-284\" alt=\"\" srcset=\"https:\/\/sindirevendas.com\/wp-content\/uploads\/2024\/05\/pngtree-legal-law-justice-service-3d-illustration-law-assistance-law-firm-and-png-image_10146690-150x150.png 150w, https:\/\/sindirevendas.com\/wp-content\/uploads\/2024\/05\/pngtree-legal-law-justice-service-3d-illustration-law-assistance-law-firm-and-png-image_10146690-300x300.png 300w, https:\/\/sindirevendas.com\/wp-content\/uploads\/2024\/05\/pngtree-legal-law-justice-service-3d-illustration-law-assistance-law-firm-and-png-image_10146690.png 360w\" sizes=\"(max-width: 150px) 100vw, 150px\" \/>\t\t\t\t\t\t\t\t\t\t\t\t\t\t\t<\/div>\n\t\t\t\t<\/div>\n\t\t\t\t<\/div>\n\t\t<div class=\"elementor-element elementor-element-f0cf931 e-con-full e-flex e-con e-child\" data-id=\"f0cf931\" data-element_type=\"container\">\n\t\t\t\t<div class=\"elementor-element elementor-element-33293dc elementor-widget elementor-widget-heading\" data-id=\"33293dc\" data-element_type=\"widget\" data-widget_type=\"heading.default\">\n\t\t\t\t<div class=\"elementor-widget-container\">\n\t\t\t\t\t<h2 class=\"elementor-heading-title elementor-size-default\">Dr. MARCO ANTONIO<\/h2>\t\t\t\t<\/div>\n\t\t\t\t<\/div>\n\t\t\t\t<div class=\"elementor-element elementor-element-94d376a elementor-widget elementor-widget-text-editor\" data-id=\"94d376a\" data-element_type=\"widget\" data-widget_type=\"text-editor.default\">\n\t\t\t\t<div class=\"elementor-widget-container\">\n\t\t\t\t\t\t\t\t\t<p>OAB \/ SP 251638<\/p><p>\u00c1rea Criminal<\/p>\t\t\t\t\t\t\t\t<\/div>\n\t\t\t\t<\/div>\n\t\t\t\t<div class=\"elementor-element elementor-element-35382f2 elementor-widget elementor-widget-button\" data-id=\"35382f2\" data-element_type=\"widget\" data-widget_type=\"button.default\">\n\t\t\t\t<div class=\"elementor-widget-container\">\n\t\t\t\t\t\t\t\t\t<div class=\"elementor-button-wrapper\">\n\t\t\t\t\t<a class=\"elementor-button elementor-button-link elementor-size-sm\" href=\"http:\/\/wa.me\/5511999009100\">\n\t\t\t\t\t\t<span class=\"elementor-button-content-wrapper\">\n\t\t\t\t\t\t\t\t\t<span class=\"elementor-button-text\">ENTRE EM CONTATO<\/span>\n\t\t\t\t\t<\/span>\n\t\t\t\t\t<\/a>\n\t\t\t\t<\/div>\n\t\t\t\t\t\t\t\t<\/div>\n\t\t\t\t<\/div>\n\t\t\t\t<\/div>\n\t\t\t\t\t<\/div>\n\t\t\t\t<\/div>\n\t\t<div class=\"elementor-element elementor-element-5d7b90d e-flex e-con-boxed e-con e-parent\" data-id=\"5d7b90d\" data-element_type=\"container\">\n\t\t\t\t\t<div class=\"e-con-inner\">\n\t\t<div class=\"elementor-element elementor-element-c254e05 e-con-full e-flex e-con e-child\" data-id=\"c254e05\" data-element_type=\"container\">\n\t\t\t\t<div class=\"elementor-element elementor-element-2fba676 elementor-widget elementor-widget-image\" data-id=\"2fba676\" data-element_type=\"widget\" data-widget_type=\"image.default\">\n\t\t\t\t<div class=\"elementor-widget-container\">\n\t\t\t\t\t\t\t\t\t\t\t\t\t\t\t<img decoding=\"async\" width=\"150\" height=\"150\" src=\"https:\/\/sindirevendas.com\/wp-content\/uploads\/2024\/05\/pngtree-legal-law-justice-service-3d-illustration-law-assistance-law-firm-and-png-image_10146690-150x150.png\" class=\"attachment-thumbnail size-thumbnail wp-image-284\" alt=\"\" srcset=\"https:\/\/sindirevendas.com\/wp-content\/uploads\/2024\/05\/pngtree-legal-law-justice-service-3d-illustration-law-assistance-law-firm-and-png-image_10146690-150x150.png 150w, https:\/\/sindirevendas.com\/wp-content\/uploads\/2024\/05\/pngtree-legal-law-justice-service-3d-illustration-law-assistance-law-firm-and-png-image_10146690-300x300.png 300w, https:\/\/sindirevendas.com\/wp-content\/uploads\/2024\/05\/pngtree-legal-law-justice-service-3d-illustration-law-assistance-law-firm-and-png-image_10146690.png 360w\" sizes=\"(max-width: 150px) 100vw, 150px\" \/>\t\t\t\t\t\t\t\t\t\t\t\t\t\t\t<\/div>\n\t\t\t\t<\/div>\n\t\t\t\t<\/div>\n\t\t<div class=\"elementor-element elementor-element-4d87554 e-con-full e-flex e-con e-child\" data-id=\"4d87554\" data-element_type=\"container\">\n\t\t\t\t<div class=\"elementor-element elementor-element-4210de4 elementor-widget elementor-widget-heading\" data-id=\"4210de4\" data-element_type=\"widget\" data-widget_type=\"heading.default\">\n\t\t\t\t<div class=\"elementor-widget-container\">\n\t\t\t\t\t<h2 class=\"elementor-heading-title elementor-size-default\">Dra. LYGIA SAMARTIN<\/h2>\t\t\t\t<\/div>\n\t\t\t\t<\/div>\n\t\t\t\t<div class=\"elementor-element elementor-element-0c63580 elementor-widget elementor-widget-text-editor\" data-id=\"0c63580\" data-element_type=\"widget\" data-widget_type=\"text-editor.default\">\n\t\t\t\t<div class=\"elementor-widget-container\">\n\t\t\t\t\t\t\t\t\t<p>OAB \/ SP 472654<\/p><p>Advocacia Contratual e Empresarial<\/p>\t\t\t\t\t\t\t\t<\/div>\n\t\t\t\t<\/div>\n\t\t\t\t<div class=\"elementor-element elementor-element-07cfdc9 elementor-widget elementor-widget-button\" data-id=\"07cfdc9\" data-element_type=\"widget\" data-widget_type=\"button.default\">\n\t\t\t\t<div class=\"elementor-widget-container\">\n\t\t\t\t\t\t\t\t\t<div class=\"elementor-button-wrapper\">\n\t\t\t\t\t<a class=\"elementor-button elementor-button-link elementor-size-sm\" href=\"http:\/\/wa.me\/5511947254761\">\n\t\t\t\t\t\t<span class=\"elementor-button-content-wrapper\">\n\t\t\t\t\t\t\t\t\t<span class=\"elementor-button-text\">ENTRE EM CONTATO<\/span>\n\t\t\t\t\t<\/span>\n\t\t\t\t\t<\/a>\n\t\t\t\t<\/div>\n\t\t\t\t\t\t\t\t<\/div>\n\t\t\t\t<\/div>\n\t\t\t\t<\/div>\n\t\t\t\t\t<\/div>\n\t\t\t\t<\/div>\n\t\t\t\t<\/div>\n\t\t","protected":false},"excerpt":{"rendered":"<p>APOIO JUR\u00cdDICO Dra. LUCIA DA SILVA OAB: 3541456 Especialista em A\u00e7\u00f5es Trabalhistas ENTRE EM CONTATO Dr. MARCO ANTONIO OAB \/ SP 251638 \u00c1rea Criminal ENTRE EM CONTATO Dra. LYGIA SAMARTIN OAB \/ SP 472654 Advocacia Contratual e Empresarial ENTRE EM CONTATO<\/p>\n","protected":false},"author":1,"featured_media":0,"parent":0,"menu_order":0,"comment_status":"closed","ping_status":"closed","template":"elementor_header_footer","meta":{"footnotes":""},"class_list":["post-280","page","type-page","status-publish","hentry"],"_hostinger_reach_plugin_has_subscription_block":false,"_hostinger_reach_plugin_is_elementor":false,"_links":{"self":[{"href":"https:\/\/sindirevendas.com\/index.php\/wp-json\/wp\/v2\/pages\/280","targetHints":{"allow":["GET"]}}],"collection":[{"href":"https:\/\/sindirevendas.com\/index.php\/wp-json\/wp\/v2\/pages"}],"about":[{"href":"https:\/\/sindirevendas.com\/index.php\/wp-json\/wp\/v2\/types\/page"}],"author":[{"embeddable":true,"href":"https:\/\/sindirevendas.com\/index.php\/wp-json\/wp\/v2\/users\/1"}],"replies":[{"embeddable":true,"href":"https:\/\/sindirevendas.com\/index.php\/wp-json\/wp\/v2\/comments?post=280"}],"version-history":[{"count":13,"href":"https:\/\/sindirevendas.com\/index.php\/wp-json\/wp\/v2\/pages\/280\/revisions"}],"predecessor-version":[{"id":319,"href":"https:\/\/sindirevendas.com\/index.php\/wp-json\/wp\/v2\/pages\/280\/revisions\/319"}],"wp:attachment":[{"href":"https:\/\/sindirevendas.com\/index.php\/wp-json\/wp\/v2\/media?parent=280"}],"curies":[{"name":"wp","href":"https:\/\/api.w.org\/{rel}","templated":true}]}}